{"id":660,"date":"2026-03-31T16:40:02","date_gmt":"2026-03-31T14:40:02","guid":{"rendered":"https:\/\/www.celicies.cat\/?page_id=660"},"modified":"2026-03-31T18:25:14","modified_gmt":"2026-03-31T16:25:14","slug":"elementor-660","status":"publish","type":"page","link":"https:\/\/www.celicies.cat\/","title":{"rendered":"Inici-prov"},"content":{"rendered":"\t\t<div data-elementor-type=\"wp-page\" data-elementor-id=\"660\" class=\"elementor elementor-660\" data-elementor-post-type=\"page\">\n\t\t\t\t<div class=\"elementor-element elementor-element-fba7a1e e-flex e-con-boxed e-con e-parent\" data-id=\"fba7a1e\" data-element_type=\"container\" data-e-type=\"container\">\n\t\t\t\t\t<div class=\"e-con-inner\">\n\t\t<div class=\"elementor-element elementor-element-3c7d58e e-grid e-con-full e-con e-child\" data-id=\"3c7d58e\" data-element_type=\"container\" data-e-type=\"container\">\n\t\t\t\t<div class=\"elementor-element elementor-element-418d138 elementor-widget elementor-widget-image\" data-id=\"418d138\" data-element_type=\"widget\" data-e-type=\"widget\" data-widget_type=\"image.default\">\n\t\t\t\t<div class=\"elementor-widget-container\">\n\t\t\t\t\t\t\t\t\t\t\t\t\t\t\t<img fetchpriority=\"high\" decoding=\"async\" width=\"768\" height=\"682\" src=\"https:\/\/www.celicies.cat\/wp-content\/uploads\/2024\/10\/WhatsApp-Image-2024-10-16-at-22.30.18-edited-e1774967400937-768x682.jpeg\" class=\"attachment-medium_large size-medium_large wp-image-478\" alt=\"\" srcset=\"https:\/\/www.celicies.cat\/wp-content\/uploads\/2024\/10\/WhatsApp-Image-2024-10-16-at-22.30.18-edited-e1774967400937-768x682.jpeg 768w, https:\/\/www.celicies.cat\/wp-content\/uploads\/2024\/10\/WhatsApp-Image-2024-10-16-at-22.30.18-edited-e1774967400937-300x266.jpeg 300w, https:\/\/www.celicies.cat\/wp-content\/uploads\/2024\/10\/WhatsApp-Image-2024-10-16-at-22.30.18-edited-e1774967400937-600x533.jpeg 600w, https:\/\/www.celicies.cat\/wp-content\/uploads\/2024\/10\/WhatsApp-Image-2024-10-16-at-22.30.18-edited-e1774967400937.jpeg 850w\" sizes=\"(max-width: 768px) 100vw, 768px\" \/>\t\t\t\t\t\t\t\t\t\t\t\t\t\t\t<\/div>\n\t\t\t\t<\/div>\n\t\t<div class=\"elementor-element elementor-element-5f7b158 e-con-full e-flex e-con e-child\" data-id=\"5f7b158\" data-element_type=\"container\" data-e-type=\"container\">\n\t\t\t\t<div class=\"elementor-element elementor-element-059cde6 elementor-widget elementor-widget-heading\" data-id=\"059cde6\" data-element_type=\"widget\" data-e-type=\"widget\" data-widget_type=\"heading.default\">\n\t\t\t\t<div class=\"elementor-widget-container\">\n\t\t\t\t\t<h2 class=\"elementor-heading-title elementor-size-default\">Qui som?<\/h2>\t\t\t\t<\/div>\n\t\t\t\t<\/div>\n\t\t\t\t<div class=\"elementor-element elementor-element-f03894e elementor-widget elementor-widget-text-editor\" data-id=\"f03894e\" data-element_type=\"widget\" data-e-type=\"widget\" data-widget_type=\"text-editor.default\">\n\t\t\t\t<div class=\"elementor-widget-container\">\n\t\t\t\t\t\t\t\t\t<p>Estem molt il\u00b7lusionats d&#8217;anunciar-te que ja pots gaudir d&#8217;un nou espai lliure de gluten a la Seu d&#8217;Urgell.<\/p><p>A Cel\u00edcies trobar\u00e0s una selecci\u00f3 d&#8217;aut\u00e8ntiques del\u00edcies sense gluten provinents dels millors obradors i productes d\u2019elaboraci\u00f3 pr\u00f2pia.<\/p><p>Botiga especialitzada, tallers i moltes altres sorpreses que t&#8217;encantaran.<\/p>\t\t\t\t\t\t\t\t<\/div>\n\t\t\t\t<\/div>\n\t\t\t\t<\/div>\n\t\t\t\t<\/div>\n\t\t\t\t\t<\/div>\n\t\t\t\t<\/div>\n\t\t<div class=\"elementor-element elementor-element-0d8825e e-grid e-con-boxed e-con e-parent\" data-id=\"0d8825e\" data-element_type=\"container\" data-e-type=\"container\">\n\t\t\t\t\t<div class=\"e-con-inner\">\n\t\t<div class=\"elementor-element elementor-element-34ed64e e-con-full e-flex e-con e-child\" data-id=\"34ed64e\" data-element_type=\"container\" data-e-type=\"container\">\n\t\t\t\t<div class=\"elementor-element elementor-element-4b1245e elementor-widget elementor-widget-heading\" data-id=\"4b1245e\" data-element_type=\"widget\" data-e-type=\"widget\" data-widget_type=\"heading.default\">\n\t\t\t\t<div class=\"elementor-widget-container\">\n\t\t\t\t\t<h2 class=\"elementor-heading-title elementor-size-default\">Qu\u00e8 fem?<\/h2>\t\t\t\t<\/div>\n\t\t\t\t<\/div>\n\t\t\t\t<div class=\"elementor-element elementor-element-b77199b elementor-widget elementor-widget-heading\" data-id=\"b77199b\" data-element_type=\"widget\" data-e-type=\"widget\" data-widget_type=\"heading.default\">\n\t\t\t\t<div class=\"elementor-widget-container\">\n\t\t\t\t\t<h3 class=\"elementor-heading-title elementor-size-default\">Cafeteria<\/h3>\t\t\t\t<\/div>\n\t\t\t\t<\/div>\n\t\t\t\t<div class=\"elementor-element elementor-element-28ee117 elementor-widget elementor-widget-text-editor\" data-id=\"28ee117\" data-element_type=\"widget\" data-e-type=\"widget\" data-widget_type=\"text-editor.default\">\n\t\t\t\t<div class=\"elementor-widget-container\">\n\t\t\t\t\t\t\t\t\t<p>Descobreix la nostra cafeteria 100% gluten free! Gaudeix de sabors \u00fanics, dol\u00e7os i salats, en un espai acollidor. Qualitat, salut i bon gust!<\/p>\t\t\t\t\t\t\t\t<\/div>\n\t\t\t\t<\/div>\n\t\t\t\t<div class=\"elementor-element elementor-element-b37f174 elementor-widget elementor-widget-heading\" data-id=\"b37f174\" data-element_type=\"widget\" data-e-type=\"widget\" data-widget_type=\"heading.default\">\n\t\t\t\t<div class=\"elementor-widget-container\">\n\t\t\t\t\t<h3 class=\"elementor-heading-title elementor-size-default\">Venta i distribuci\u00f3<\/h3>\t\t\t\t<\/div>\n\t\t\t\t<\/div>\n\t\t\t\t<div class=\"elementor-element elementor-element-50811f1 elementor-widget elementor-widget-text-editor\" data-id=\"50811f1\" data-element_type=\"widget\" data-e-type=\"widget\" data-widget_type=\"text-editor.default\">\n\t\t\t\t<div class=\"elementor-widget-container\">\n\t\t\t\t\t\t\t\t\t<p>Pr\u00f2ximament obrirem el nostre servei de venda i distribuci\u00f3 de productes gluten free. Sabors deliciosos, lliures de gluten, directes a casa teva. Estigues atent!<\/p>\t\t\t\t\t\t\t\t<\/div>\n\t\t\t\t<\/div>\n\t\t\t\t<div class=\"elementor-element elementor-element-0296a1d elementor-widget elementor-widget-button\" data-id=\"0296a1d\" data-element_type=\"widget\" data-e-type=\"widget\" data-widget_type=\"button.default\">\n\t\t\t\t<div class=\"elementor-widget-container\">\n\t\t\t\t\t\t\t\t\t<div class=\"elementor-button-wrapper\">\n\t\t\t\t\t<a class=\"elementor-button elementor-button-link elementor-size-sm\" href=\"#\">\n\t\t\t\t\t\t<span class=\"elementor-button-content-wrapper\">\n\t\t\t\t\t\t\t\t\t<span class=\"elementor-button-text\">Proximament<\/span>\n\t\t\t\t\t<\/span>\n\t\t\t\t\t<\/a>\n\t\t\t\t<\/div>\n\t\t\t\t\t\t\t\t<\/div>\n\t\t\t\t<\/div>\n\t\t\t\t<div class=\"elementor-element elementor-element-91b7d33 elementor-widget elementor-widget-heading\" data-id=\"91b7d33\" data-element_type=\"widget\" data-e-type=\"widget\" data-widget_type=\"heading.default\">\n\t\t\t\t<div class=\"elementor-widget-container\">\n\t\t\t\t\t<h3 class=\"elementor-heading-title elementor-size-default\">Tallers<\/h3>\t\t\t\t<\/div>\n\t\t\t\t<\/div>\n\t\t\t\t<div class=\"elementor-element elementor-element-db2216d elementor-widget elementor-widget-text-editor\" data-id=\"db2216d\" data-element_type=\"widget\" data-e-type=\"widget\" data-widget_type=\"text-editor.default\">\n\t\t\t\t<div class=\"elementor-widget-container\">\n\t\t\t\t\t\t\t\t\t<p class=\"MsoNormal\">Apunta&#8217;t als nostres tallers de cuina gluten free! Apr\u00e8n receptes delicioses i saludables en un ambient divertit i educatiu. Places limitades, reserva ja!<\/p>\t\t\t\t\t\t\t\t<\/div>\n\t\t\t\t<\/div>\n\t\t\t\t<div class=\"elementor-element elementor-element-3aa746c elementor-widget elementor-widget-button\" data-id=\"3aa746c\" data-element_type=\"widget\" data-e-type=\"widget\" data-widget_type=\"button.default\">\n\t\t\t\t<div class=\"elementor-widget-container\">\n\t\t\t\t\t\t\t\t\t<div class=\"elementor-button-wrapper\">\n\t\t\t\t\t<a class=\"elementor-button elementor-button-link elementor-size-sm\" href=\"#\">\n\t\t\t\t\t\t<span class=\"elementor-button-content-wrapper\">\n\t\t\t\t\t\t\t\t\t<span class=\"elementor-button-text\">Consulta els nostres tallers<\/span>\n\t\t\t\t\t<\/span>\n\t\t\t\t\t<\/a>\n\t\t\t\t<\/div>\n\t\t\t\t\t\t\t\t<\/div>\n\t\t\t\t<\/div>\n\t\t\t\t<div class=\"elementor-element elementor-element-e5e4f78 elementor-widget elementor-widget-heading\" data-id=\"e5e4f78\" data-element_type=\"widget\" data-e-type=\"widget\" data-widget_type=\"heading.default\">\n\t\t\t\t<div class=\"elementor-widget-container\">\n\t\t\t\t\t<h3 class=\"elementor-heading-title elementor-size-default\"><p>Comandes personalitzades<span style=\"font-size: 1.75rem\"><\/span><\/p><\/h3>\t\t\t\t<\/div>\n\t\t\t\t<\/div>\n\t\t\t\t<div class=\"elementor-element elementor-element-b385a93 elementor-widget elementor-widget-text-editor\" data-id=\"b385a93\" data-element_type=\"widget\" data-e-type=\"widget\" data-widget_type=\"text-editor.default\">\n\t\t\t\t<div class=\"elementor-widget-container\">\n\t\t\t\t\t\t\t\t\t<p>Personalitza les teves comandes gluten free amb nosaltres! Pastissos, dol\u00e7os o salats adaptats a les teves prefer\u00e8ncies. Fes la teva comanda especial i sorpr\u00e8n!<\/p>\t\t\t\t\t\t\t\t<\/div>\n\t\t\t\t<\/div>\n\t\t\t\t<div class=\"elementor-element elementor-element-350991c elementor-widget elementor-widget-button\" data-id=\"350991c\" data-element_type=\"widget\" data-e-type=\"widget\" data-widget_type=\"button.default\">\n\t\t\t\t<div class=\"elementor-widget-container\">\n\t\t\t\t\t\t\t\t\t<div class=\"elementor-button-wrapper\">\n\t\t\t\t\t<a class=\"elementor-button elementor-button-link elementor-size-sm\" href=\"#\">\n\t\t\t\t\t\t<span class=\"elementor-button-content-wrapper\">\n\t\t\t\t\t\t\t\t\t<span class=\"elementor-button-text\">Envia'ns la teva petici\u00f3<\/span>\n\t\t\t\t\t<\/span>\n\t\t\t\t\t<\/a>\n\t\t\t\t<\/div>\n\t\t\t\t\t\t\t\t<\/div>\n\t\t\t\t<\/div>\n\t\t\t\t<\/div>\n\t\t\t\t<div class=\"elementor-element elementor-element-4fed0e5 elementor-widget elementor-widget-image\" data-id=\"4fed0e5\" data-element_type=\"widget\" data-e-type=\"widget\" data-widget_type=\"image.default\">\n\t\t\t\t<div class=\"elementor-widget-container\">\n\t\t\t\t\t\t\t\t\t\t\t\t\t\t\t<img decoding=\"async\" width=\"683\" height=\"1024\" src=\"https:\/\/www.celicies.cat\/wp-content\/uploads\/2024\/08\/drinkware-liquid-tableware-dishware-bottle-fluid-scaled.jpg\" class=\"attachment-large size-large wp-image-61\" alt=\"\" srcset=\"https:\/\/www.celicies.cat\/wp-content\/uploads\/2024\/08\/drinkware-liquid-tableware-dishware-bottle-fluid-scaled.jpg 1707w, https:\/\/www.celicies.cat\/wp-content\/uploads\/2024\/08\/drinkware-liquid-tableware-dishware-bottle-fluid-scaled-600x900.jpg 600w, https:\/\/www.celicies.cat\/wp-content\/uploads\/2024\/08\/drinkware-liquid-tableware-dishware-bottle-fluid-200x300.jpg 200w\" sizes=\"(max-width: 683px) 100vw, 683px\" \/>\t\t\t\t\t\t\t\t\t\t\t\t\t\t\t<\/div>\n\t\t\t\t<\/div>\n\t\t\t\t\t<\/div>\n\t\t\t\t<\/div>\n\t\t\t\t<\/div>\n\t\t","protected":false},"excerpt":{"rendered":"<p>Qui som? Estem molt il\u00b7lusionats d&#8217;anunciar-te que ja pots gaudir d&#8217;un nou espai lliure de gluten a la Seu d&#8217;Urgell. A Cel\u00edcies trobar\u00e0s una selecci\u00f3 d&#8217;aut\u00e8ntiques del\u00edcies sense gluten provinents dels millors obradors i productes d\u2019elaboraci\u00f3 pr\u00f2pia. Botiga especialitzada, tallers i moltes altres sorpreses que t&#8217;encantaran. Qu\u00e8 fem? Cafeteria Descobreix la nostra cafeteria 100% gluten [&hellip;]<\/p>\n","protected":false},"author":6,"featured_media":0,"parent":0,"menu_order":0,"comment_status":"closed","ping_status":"closed","template":"","meta":{"_joinchat":[],"footnotes":""},"class_list":["post-660","page","type-page","status-publish","hentry"],"jetpack_sharing_enabled":true,"_links":{"self":[{"href":"https:\/\/www.celicies.cat\/index.php\/wp-json\/wp\/v2\/pages\/660","targetHints":{"allow":["GET"]}}],"collection":[{"href":"https:\/\/www.celicies.cat\/index.php\/wp-json\/wp\/v2\/pages"}],"about":[{"href":"https:\/\/www.celicies.cat\/index.php\/wp-json\/wp\/v2\/types\/page"}],"author":[{"embeddable":true,"href":"https:\/\/www.celicies.cat\/index.php\/wp-json\/wp\/v2\/users\/6"}],"replies":[{"embeddable":true,"href":"https:\/\/www.celicies.cat\/index.php\/wp-json\/wp\/v2\/comments?post=660"}],"version-history":[{"count":10,"href":"https:\/\/www.celicies.cat\/index.php\/wp-json\/wp\/v2\/pages\/660\/revisions"}],"predecessor-version":[{"id":671,"href":"https:\/\/www.celicies.cat\/index.php\/wp-json\/wp\/v2\/pages\/660\/revisions\/671"}],"wp:attachment":[{"href":"https:\/\/www.celicies.cat\/index.php\/wp-json\/wp\/v2\/media?parent=660"}],"curies":[{"name":"wp","href":"https:\/\/api.w.org\/{rel}","templated":true}]}}